2*v - 178 = 0. Let z = -51 + v. What is the remainder when z is divided by 20?
18
Let o(f) = f**2 + 6*f + 7. Let j be o(-6). Suppose -j*x + 2*x = -10. Let c = 13 - 8. Calculate the remainder when c is divided by x.
1
Let v = 505 - 261. What is the remainder when v is divided by 50?
44
Let u(k) = -k**3 - 22*k**2 + 44*k - 93. Suppose -4*n + 4*c - 2 = -34, -4*c + 20 = 0. Suppose 3*d - 28 = -n. What is the remainder when d is divided by u(-24)?
2
Let k = 39 + -39. Suppose k = 3*b + 8*b - 99. What is the remainder when 15 is divided by b?
6
Let t = -651 + 665. Calculate the remainder when 116 is divided by t.
4
Let x be (1 + -11)*8/16. What is the remainder when 20 is divided by -4 + 19 + x + 2?
8
Let t(s) = 4745*s**3 + 3*s**2 - s - 1. Let n be t(1). Suppose m + n = 4*m. What is the remainder when 145 is divided by 2/(-3) - m/(-42)?
34
Let a(s) = -2*s + 30. Let w be a(0). Let q = w - 28. Suppose 4*i = 20, -4*i = 3*z - 6*i + 7. What is the remainder when q is divided by z?
0
What is the remainder when ((-6)/(-2))/(18/444) is divided by 1 + 128/7 + 4/(-14)?
17
Let i be (-90)/(-9)*(-4)/(-5). Suppose 3*u - 2*p - 56 = 0, u - 3*p + 5*p = i. What is the remainder when u is divided by 3?
1
Let n = -1 - -2. Suppose 0 = i - 3 - n, -5*i + 8 = 3*l. What is the remainder when l/(-2) + 34 + -3 is divided by 17?
16
Let h = 6 + 10. Suppose 2*a + 2*r = a + 10, -3*a + r = -51. Calculate the remainder when (2/1 + 0)*h + -2 is divided by a.
14
Let m(l) = -8*l**3 + 2*l**2 - 2*l - 15*l**2 + 10 + 10*l**3. Calculate the remainder when m(7) is divided by ((-16)/5)/((-2)/10).
13
Let r(g) = 4*g**2 - g - 4. Calculate the remainder when r(-4) is divided by 20.
4
Suppose -5*s + 5*n = 130, -3*n + 26 = 2*s - 3*s. Let l = -17 - s. Calculate the remainder when 34 is divided by l.
7
Let p = -26 - -85. Suppose k + 4*m = -12, -k = -5*k - 3*m + 4. Suppose -120 = -4*w - k*w. Calculate the remainder when p is divided by w.
14
Let x = 12 + -7. Suppose 10*w - 11*w + 5 = 0. Suppose -w*l + 35 = x*v, 2*l + v = 5*v + 14. Calculate the remainder when l is divided by 2.
1
Suppose -5*f = w - 290, -4*w = -4*f + w + 261. Let j = 29 - 17. What is the remainder when f is divided by j?
11
Let s(u) = -u**3 + 7*u**2 - 9*u + 22. Let n be s(6). Suppose 107 = 2*y + 3*y + 2*t, n*y - 2*t = 100. What is the remainder when 67 is divided by y?
21
Let i(k) = k**2 + 2*k + 4. Let x be i(0). Suppose -j + 0*c = -c - 12, -j = -x*c - 6. Let u = 25 + -23. Calculate the remainder when j is divided by u.
0
Suppose 0 = 5*x - 2*x - 4*f - 3764, -5 = -5*f. What is the remainder when x is divided by 90?
86
Suppose -f - 7 = -70. Suppose 0 = 5*y + 25, i - 5*i = 2*y - 54. Calculate the remainder when f is divided by i.
15
Suppose -3*o = -5*b, 5*o = -0*b - b. Suppose -2*q = -b*q - 8. Suppose -24 = -4*s - 3*r, 0 = 2*r + 4 + q. Calculate the remainder when 16 is divided by s.
7
Let a = 3 + -1. Let j(n) be the third derivative of -n**6/120 + n**5/15 + 5*n**4/24 + 5*n**3/6 - n**2. What is the remainder when j(5) is divided by a?
1
Let t = -473 - -564. Calculate the remainder when 354 is divided by t.
81
Suppose 20*o - 13888 = 4*o. Calculate the remainder when (-3)/(7/(o/(-6))) is divided by 24.
14
Let k = 1269 + -1232. Calculate the remainder when k is divided by 20.
17
Suppose g + n + 182 = 4*g, -5*n = 2*g - 144. Calculate the remainder when g is divided by (-8)/(-20) + (-206)/(-10).
20
Suppose -33*h + 165 = -1287. What is the remainder when 81 is divided by h?
37
Let f(h) = 2*h + 32. Let w be f(-14). Let c = -3 - -18. Calculate the remainder when w/16*86*2 is divided by c.
13
Let d = 1193 - 1114. What is the remainder when 279 is divided by d?
42
Let y = -50 + 96. Let c = y - 29. Calculate the remainder when 2 + -5 - 34/(-1) is divided by c.
14
Let p be 9/(-3) + (9 - -2). Let c(g) = -6*g - 13. Let x(y) = y - 1. Let m(u) = -c(u) - 3*x(u). What is the remainder when m(p) is divided by 21?
19
Let l be 12/(-12)*(-29 + -1). Suppose 2*x - l = 28. Suppose -4*q + 64 = -3*b + 6, -3*q - 5*b + x = 0. Calculate the remainder when q is divided by 3.
1
What is the remainder when 83 is divided by ((-2)/8*67)/((-15)/60)?
16
Suppose 23*g = 26497 + 551. Calculate the remainder when g is divided by 16.
8
Suppose -5*z = -2*g + 86, z - 45 = -g + 5. What is the remainder when 239 is divided by g?
47
Let k = 18 - 16. Suppose q + 2*g = -2*g - 18, -k*g = 3*q + 14. Calculate the remainder when q/(-4) + (-252)/(-24) is divided by 4.
3
Let c = -30 + 42. Let r = 6 + -2. Suppose -3 = z - r*x, -2*z - 1 = -z - 3*x. Calculate the remainder when c is divided by z.
2
Let m = -7 + 10. Suppose 4*o - 9 = m. What is the remainder when 53 is divided by 4*o/6*7?
11
Let k be (1 + 2)/(5 - 4). Let j be 3*((-32)/(-6) + k). Calculate the remainder when 1*1*2*j is divided by 26.
24
Suppose -5*u - 10 = 0, 3*o = 3*u - 0 + 81. Suppose -5*v - 15 = 0, -3*p + 62 = p - 2*v. Calculate the remainder when o is divided by p.
11
Let x(z) = z**2 + 15*z - 40. Let u be x(-15). Let t(p) = 7*p - 1. Let c be t(-4). Let o = c - u. Calculate the remainder when 20 is divided by o.
9
Suppose 3*z - 60 - 27 = 0. Suppose -m - 108 = -2*f + 2*m, -8 = -4*m. What is the remainder when f is divided by z?
28
Let s be ((-9)/(-12))/((-6)/(-16)). Suppose s*j + 1 = 25. Calculate the remainder when j is divided by 8.
4
Suppose -41*c + 46*c - 115 = 0. Calculate the remainder when c is divided by 12.
11
Suppose -n - 154 = -r - 5*n, -3*r = -3*n - 402. Calculate the remainder when r is divided by 28.
26
Let h be (1/4)/((-1)/(-68)). Let n(j) = -4*j + 3 - 5 - h. What is the remainder when 98 is divided by n(-13)?
32
Suppose -44*i = -49*i + 65. Suppose 3*t - 2*f - 16 = 0, 4*f = -t + 3*f + 7. What is the remainder when i is divided by t?
1
Suppose -2*c + 7*z = 2*z - 12, 28 = -2*c - 5*z. Let q be (-136)/(-32) + 1/c. Calculate the remainder when (q/(-3))/((-13)/234) is divided by 13.
11
Let i = 540 + -523. Calculate the remainder when 369 is divided by i.
12
Suppose -h - 103 = -2*h. Calculate the remainder when h is divided by (-2 + -103)/(-5) + 1*-6.
13
Suppose -5*b - 10 = -m, 5*b + 5*m + 4 = -6. Suppose -2*o + 18 = 2*o + 2*r, -4*o + 23 = r. Calculate the remainder when 11/5*(-20)/8*b is divided by o.
4
Suppose -m + 46 = v, -3*m = 2*v - 197 + 58. Let b be 2/((-1)/(3/(-2))). Suppose 0 = b*f - 19 - 11. Calculate the remainder when m is divided by f.
7
Suppose 7*x - 40 + 5 = 0. What is the remainder when 11 is divided by x?
1
Calculate the remainder when 91 is divided by (-12)/40 - (-729)/30.
19
Let p be ((-19)/4)/((-2)/16) - -2. Let s = p + -3. Calculate the remainder when 145 is divided by s.
34
Let i(c) = c + 8. Let d(q) = 2 + 3*q - 2*q + 11*q - 3*q**2 + 3*q. Calculate the remainder when i(-5) is divided by d(5).
1
Calculate the remainder when (9/5)/((-51)/(-3060)) is divided by 22.
20
Calculate the remainder when (-450)/20*34/(-3) is divided by 20.
15
Suppose 30 = 8*o - 2*o. Suppose d = o + 9. Calculate the remainder when 40 is divided by d.
12
Let s(j) = 2*j**2 + j. Let t be s(3). Let l(n) = 3*n + 16. Calculate the remainder when l(t) is divided by 17.
11
Let g = -566 - -579. What is the remainder when 52 is divided by g?
0
Calculate the remainder when ((-2)/(-3))/(4/1314) is divided by 37.
34
Let d = 0 + 4. Suppose -g + 0*y = -2*y - 79, 2*g - 198 = -d*y. What is the remainder when g is divided by 25?
14
Suppose -2*j = 4*j - 12. What is the remainder when 16 - (2 + 7)/(-3) is divided by j/(-10) + (-153)/(-15)?
9
Let p = 686 + -542. What is the remainder when p is divided by 79?
65
Let l = 18 - 12. Suppose 3*k + 394 = 3*a + 2*a, 3*k = 6. Let y = 83 - a. What is the remainder when l is divided by y?
0
Calculate the remainder when (-4)/5 + (-39504)/(-80) is divided by 16.
13
Suppose -20 = -17*j + 15*j. Let k = 71 + -122. Let q = -23 - k. What is the remainder when q is divided by j?
8
Calculate the remainder when (-4)/2 - -1*104 is divided by ((-1)/4)/((-5)/(-130) - 1909/41860).
32
Suppose -3*c + 4*h - 180 = c, -3*h = -2*c - 88. Let r = 87 + c. Calculate the remainder when r is divided by 11.
7
Suppose 0 = -2*b - b - 9. What is the remainder when (-6 + 1 + 2)*(-460)/12 is divided by (-2 - (-34 - b)) + 0?
28
Suppose 0 = 2*b + w + 1, b + 27 = -3*b + 3*w. Let n(h) = 5*h**2 - h + 3. What is the remainder when n(b) is divi